 remainder when 10967283 is divided by 247.
236
What is the remainder when 5822058 is divided by 5477?
7
Calculate the remainder when 14297057 is divided by 174.
173
What is the remainder when 26784283 is divided by 14060?
14043
What is the remainder when 4483061 is divided by 2241521?
19
What is the remainder when 924642 is divided by 462313?
16
What is the remainder when 2687288 is divided by 204?
200
Calculate the remainder when 4831485 is divided by 2019.
18
What is the remainder when 24198 is divided by 4031?
12
Calculate the remainder when 727761 is divided by 4549.
4470
What is the remainder when 1176696 is divided by 9318?
2628
What is the remainder when 1063199 is divided by 628?
623
What is the remainder when 1767824 is divided by 15?
14
Calculate the remainder when 38639326 is divided by 19319648.
30
What is the remainder when 5959008 is divided by 751?
574
Calculate the remainder when 28320655 is divided by 68.
15
What is the remainder when 1653121 is divided by 1845?
1
Calculate the remainder when 4963635 is divided by 67995.
0
Calculate the remainder when 11074181 is divided by 287.
286
Calculate the remainder when 909460 is divided by 909354.
106
What is the remainder when 10492562 is divided by 23010?
2
Calculate the remainder when 21814430 is divided by 53336.
6
Calculate the remainder when 1259473 is divided by 18.
13
Calculate the remainder when 6932117 is divided by 121616.
5
Calculate the remainder when 32092 is divided by 32029.
63
Calculate the remainder when 1900457 is divided by 950062.
333
What is the remainder when 15366 is divided by 389?
195
Calculate the remainder when 1669395 is divided by 278068.
987
What is the remainder when 43342065 is divided by 11?
8
Calculate the remainder when 44863118 is divided by 21.
20
Calculate the remainder when 2671110 is divided by 29029.
442
Calculate the remainder when 251310 is divided by 7155.
885
Calculate the remainder when 34246453 is divided by 475645.
13
What is the remainder when 6498217 is divided by 534?
505
What is the remainder when 18452147 is divided by 7740?
7727
Calculate the remainder when 454713 is divided by 6229.
6225
Calculate the remainder when 60937 is divided by 4342.
149
Calculate the remainder when 740568 is divided by 370256.
56
What is the remainder when 422211039 is divided by 99?
96
What is the remainder when 429224 is divided by 193?
185
Calculate the remainder when 728794 is divided by 520.
274
What is the remainder when 154876 is divided by 1244?
620
Calculate the remainder when 1610073 is divided by 1610042.
31
Calculate the remainder when 10178326 is divided by 184.
182
Calculate the remainder when 1206703 is divided by 874.
583
What is the remainder when 337159 is divided by 2875?
784
Calculate the remainder when 26909 is divided by 4229.
1535
Calculate the remainder when 3986044 is divided by 996449.
248
What is the remainder when 246608 is divided by 123303?
2
Calculate the remainder when 13769692 is divided by 23989.
6
What is the remainder when 132224233 is divided by 1398?
1393
What is the remainder when 294555 is divided by 5493?
3426
Calculate the remainder when 271454 is divided by 4928.
414
What is the remainder when 33409 is divided by 897?
220
What is the remainder when 2598906 is divided by 1299446?
14
What is the remainder when 6344981 is divided by 111315?
26
Calculate the remainder when 49945977 is divided by 1090.
1087
What is the remainder when 176237 is divided by 654?
311
What is the remainder when 2863682 is divided by 1831?
1829
Calculate the remainder when 4076529 is divided by 239790.
99
What is the remainder when 85082101 is divided by 1050396?
25
Calculate the remainder when 7088345 is divided by 5868.
5669
What is the remainder when 38829397 is divided by 21?
19
Calculate the remainder when 526328 is divided by 9511.
3223
Calculate the remainder when 433280 is divided by 216615.
50
What is the remainder when 21780415 is divided by 224?
223
What is the remainder when 119814689 is divided by 1179?
1172
Calculate the remainder when 14975 is divided by 2139.
2
What is the remainder when 43848 is divided by 3339?
441
What is the remainder when 14125086 is divided by 102?
24
What is the remainder when 40835151 is divided by 985?
6
What is the remainder when 33200944 is divided by 157?
154
What is the remainder when 115061 is divided by 57507?
47
What is the remainder when 1717692 is divided by 5632?
5564
What is the remainder when 518283 is divided by 2314?
2261
Calculate the remainder when 34968 is divided by 16856.
1256
What is the remainder when 478594 is divided by 5437?
138
Calculate the remainder when 1625838 is divided by 196.
18
Calculate the remainder when 7913181 is divided by 94203.
129
Calculate the remainder when 1706406 is divided by 368.
358
Calculate the remainder when 451135 is divided by 52.
35
What is the remainder when 15158349 is divided by 912?
909
What is the remainder when 46644 is divided by 9317?
59
Calculate the remainder when 73612 is divided by 13897.
4127
What is the remainder when 6369715 is divided by 332?
295
What is the remainder when 348868 is divided by 115304?
2956
What is the remainder when 4813060 is divided by 10262?
182
What is the remainder when 24882326 is divided by 6220571?
42
What is the remainder when 1851774 is divided by 19?
15
What is the remainder when 19970655 is divided by 2454?
3
Calculate the remainder when 35445030 is divided by 1107.
1104
What is the remainder when 298292 is divided by 8284?
68
Calculate the remainder when 18745639 is divided by 1099.
1095
Calculate the remainder when 251644 is divided by 15438.
4636
What is the remainder when 41365750 is divided by 38444?
6
What is the remainder when 86212939 is divided by 110?
109
What is the remainder when 547492 is divided by 17?
7
What is the remainder when 7795734 is divided by 29?
12
What is the remainder when 1654226 is divided by 85?
41
Calculate the remainder when 1709225 is divided by 1949.
1901
What is the remainder when 1188870 is divided by 297216?
6
What is the remainder when 1192404 is divided by 1192397?
7
Calculate the remainder when 3876136 is divided by 857.
782
Calculate the remainder when 1708867 is divided by 20588.
63
Calculate the remainder when 12013084 is divided by 25344.
28
What is the remainder when 324153 is divided by 1468?
1193
Calculate the remainder when 576865 is divided by 5.
0
Calculate the remainder when 7675759 is divided by 6600.
6559
What is the remainder when 140484 is divided by 1254?
36
Calculate the remainder when 131124869 is divided by 45.
44
Calculate the remainder when 15137525 is divided by 3247.
11
What is the remainder when 342015 is divided by 170978?
59
What is the remainder when 37263009 is divided by 66?
3
What is the remainder when 278118 is divided by 1199?
1149
What is the remainder when 86024 is divided by 866?
290
Calculate the remainder when 4073041 is divided by 2233.
49
Calculate the remainder when 5747561 is divided by 545.
536
Calculate the remainder when 216476999 is divided by 359.
358
What is the remainder when 14555772 is divided by 4543?
0
Calculate the remainder when 1917191 is divided by 429.
419
What is the remainder when 1276566 is divided by 29012?
38
What is the remainder when 17174350 is divided by 49?
46
What is the remainder when 2112084 is divided by 64001?
51
Calculate the remainder when 130310 is divided by 846.
26
What is the remainder when 133704348 is divided by 4225?
4223
Calculate the remainder when 23176757 is divided by 1622.
1621
What is the remainder when 17485094 is divided by 3497011?
39
What is the remainder when 38879 is divided by 11265?
5084
Calculate the remainder when 455583 is divided by 3078.
39
What is the remainder when 1551440 is divided by 251?
9
What is the remainder when 127670 is divided by 1686?
1220
What is the remainder when 1290320 is divided by 214963?
542
What is the remainder when 664063 is divided by 331719?
625
What is the remainder when 156964797 is divided by 1542?
1533
What is the remainder when 871983 is divided by 1369?
1299
Calculate the remainder when 24756554 is divided by 253.
251
Calculate the remainder when 897939 is divided by 2363.
2362
Calculate the remainder when 866079 is divided 